{"id":236,"date":"2021-04-07T19:27:30","date_gmt":"2021-04-07T19:27:30","guid":{"rendered":"https:\/\/krdevices.com\/inicio\/?page_id=236"},"modified":"2022-10-27T10:36:10","modified_gmt":"2022-10-27T13:36:10","slug":"kr-d-06-a","status":"publish","type":"page","link":"https:\/\/krdevices.com\/inicio\/index.php\/kr-d-06-a\/","title":{"rendered":"KR-D-06-A"},"content":{"rendered":"\n<p class=\"has-large-font-size\"><strong>Fuente de Atracamiento<\/strong><\/p>\n\n\n\n<div class=\"wp-block-media-text alignwide has-media-on-the-right is-stacked-on-mobile\"><figure class=\"wp-block-media-text__media\"><img loading=\"lazy\" decoding=\"async\" width=\"440\" height=\"315\" src=\"https:\/\/krdevices.com\/inicio\/wp-content\/uploads\/2021\/04\/equipo06.png\" alt=\"\" class=\"wp-image-75 size-full\" srcset=\"https:\/\/krdevices.com\/inicio\/wp-content\/uploads\/2021\/04\/equipo06.png 440w, https:\/\/krdevices.com\/inicio\/wp-content\/uploads\/2021\/04\/equipo06-300x215.png 300w\" sizes=\"auto, (max-width: 440px) 100vw, 440px\" \/><\/figure><div class=\"wp-block-media-text__content\">\n<p class=\"has-medium-font-size\">Permite una precisa regulaci\u00f3n y calibraci\u00f3n de inyectores bomba y unidades monobomba. ( Sistemas EUI \/ UIS \/ UPS )<\/p>\n<\/div><\/div>\n\n\n\n<figure class=\"wp-block-pullquote has-nv-light-bg-background-color has-background has-small-font-size\" style=\"border-radius:100px;border-style:solid\"><blockquote><p><strong>NUEVA ACTUALIZACI\u00d3N 2022<\/strong><\/p><p>Detecci\u00f3n doble atracamiento<\/p><p>Detecci\u00f3n atracamiento inyectores common rail<\/p><p>Funci\u00f3n de inicializaci\u00f3n asegura lecturas correctas del atracamiento<\/p><\/blockquote><\/figure>\n\n\n\n<div class=\"wp-block-columns is-layout-flex wp-container-core-columns-is-layout-9d6595d7 wp-block-columns-is-layout-flex\">\n<div class=\"wp-block-column is-layout-flow wp-block-column-is-layout-flow\">\n<h4 style=\"text-align: center;\">Unidades Bombeantes UPS<\/h4>\n<p style=\"text-align: center;\">Mercedes Benz, Scania, Volvo, Iveco, Caterpillar<\/p>\n<\/div>\n\n\n\n<div class=\"wp-block-column is-layout-flow wp-block-column-is-layout-flow\">\n<h4 style=\"text-align: center;\">Autom\u00e1tica<\/h4>\n<p style=\"text-align: center;\">Detecci\u00f3n autom\u00e1tica del punto de acoplamiento para una mayor precisi\u00f3n y exactitud de la calibraci\u00f3n<\/p>\n<\/div>\n\n\n\n<div class=\"wp-block-column is-layout-flow wp-block-column-is-layout-flow\">\n<h4 style=\"text-align: center;\">Inyectores Bomba Delphi<\/h4>\n<p style=\"text-align: center;\">2 y 4 Pines E1 y E3 ( con solenoide interno y externo )<\/p>\n<\/div>\n<\/div>\n\n\n\n<div class=\"wp-block-columns is-layout-flex wp-container-core-columns-is-layout-9d6595d7 wp-block-columns-is-layout-flex\">\n<div class=\"wp-block-column is-layout-flow wp-block-column-is-layout-flow\">\n<h4 style=\"text-align: center;\">Medici\u00f3n dual<\/h4>\n<p style=\"text-align: center;\">Retiene la medici\u00f3n del punto de acoplamiento y desacoplamiento.<\/p>\n<\/div>\n\n\n\n<div class=\"wp-block-column is-layout-flow wp-block-column-is-layout-flow\">\n<h4 style=\"text-align: center;\">Inyectores Bomba Bosch<\/h4>\n<p style=\"text-align: center;\">UI-N \/ UI-P-PDE<\/p>\n<\/div>\n\n\n\n<div class=\"wp-block-column is-layout-flow wp-block-column-is-layout-flow\">\n<h4 style=\"text-align: center;\">Pulsos<\/h4>\n<p style=\"text-align: center;\">Restaura a valores originales la calibraci\u00f3n del inyector.<\/p>\n<\/div>\n<\/div>\n\n\n\n<div style=\"height:36px\" aria-hidden=\"true\" class=\"wp-block-spacer\"><\/div>\n\n\n\n\n\n<div style=\"height:36px\" aria-hidden=\"true\" class=\"wp-block-spacer\"><\/div>\n\n\n\n\n\n<div class=\"wp-block-cover alignfull\" style=\"min-height:320px;aspect-ratio:unset;\"><span aria-hidden=\"true\" class=\"wp-block-cover__background has-nv-dark-bg-background-color has-background-dim-100 has-background-dim\"><\/span><div class=\"wp-block-cover__inner-container is-layout-flow wp-block-cover-is-layout-flow\">\n<div style=\"height:13px\" aria-hidden=\"true\" class=\"wp-block-spacer\"><\/div>\n\n\n\n<h2 class=\"has-text-align-center has-nv-text-dark-bg-color has-text-color wp-block-heading\">LA FUENTE DE ATRACAMIENTO MAS COMPLETA DEL MERCADO<\/h2>\n\n\n\n<p class=\"has-text-align-center has-medium-font-size\"><\/p>\n\n\n\n<div class=\"wp-block-buttons is-horizontal is-content-justification-center is-layout-flex wp-container-core-buttons-is-layout-499968f5 wp-block-buttons-is-layout-flex\"><\/div>\n\n\n\n<div style=\"height:8px\" aria-hidden=\"true\" class=\"wp-block-spacer\"><\/div>\n<\/div><\/div>\n","protected":false},"excerpt":{"rendered":"<p>Fuente de Atracamiento Permite una precisa regulaci\u00f3n y calibraci\u00f3n de inyectores bomba y unidades monobomba. ( Sistemas EUI \/ UIS \/ UPS ) NUEVA ACTUALIZACI\u00d3N 2022 Detecci\u00f3n doble atracamiento Detecci\u00f3n atracamiento inyectores common rail Funci\u00f3n de inicializaci\u00f3n asegura lecturas correctas del atracamiento Unidades Bombeantes UPS Mercedes Benz, Scania, Volvo, Iveco, Caterpillar Autom\u00e1tica Detecci\u00f3n autom\u00e1tica del&hellip;&nbsp;<a href=\"https:\/\/krdevices.com\/inicio\/index.php\/kr-d-06-a\/\" class=\"\" rel=\"bookmark\">Leer m\u00e1s &raquo;<span class=\"screen-reader-text\">KR-D-06-A<\/span><\/a><\/p>\n","protected":false},"author":1,"featured_media":0,"parent":0,"menu_order":0,"comment_status":"closed","ping_status":"closed","template":"","meta":{"om_disable_all_campaigns":false,"_monsterinsights_skip_tracking":false,"_monsterinsights_sitenote_active":false,"_monsterinsights_sitenote_note":"","_monsterinsights_sitenote_category":0,"neve_meta_sidebar":"full-width","neve_meta_container":"","neve_meta_enable_content_width":"on","neve_meta_content_width":100,"neve_meta_title_alignment":"","neve_meta_author_avatar":"","neve_post_elements_order":"","neve_meta_disable_header":"","neve_meta_disable_footer":"","neve_meta_disable_title":"","footnotes":""},"class_list":["post-236","page","type-page","status-publish","hentry"],"aioseo_notices":[],"_links":{"self":[{"href":"https:\/\/krdevices.com\/inicio\/index.php\/wp-json\/wp\/v2\/pages\/236","targetHints":{"allow":["GET"]}}],"collection":[{"href":"https:\/\/krdevices.com\/inicio\/index.php\/wp-json\/wp\/v2\/pages"}],"about":[{"href":"https:\/\/krdevices.com\/inicio\/index.php\/wp-json\/wp\/v2\/types\/page"}],"author":[{"embeddable":true,"href":"https:\/\/krdevices.com\/inicio\/index.php\/wp-json\/wp\/v2\/users\/1"}],"replies":[{"embeddable":true,"href":"https:\/\/krdevices.com\/inicio\/index.php\/wp-json\/wp\/v2\/comments?post=236"}],"version-history":[{"count":6,"href":"https:\/\/krdevices.com\/inicio\/index.php\/wp-json\/wp\/v2\/pages\/236\/revisions"}],"predecessor-version":[{"id":819,"href":"https:\/\/krdevices.com\/inicio\/index.php\/wp-json\/wp\/v2\/pages\/236\/revisions\/819"}],"wp:attachment":[{"href":"https:\/\/krdevices.com\/inicio\/index.php\/wp-json\/wp\/v2\/media?parent=236"}],"curies":[{"name":"wp","href":"https:\/\/api.w.org\/{rel}","templated":true}]}}